*w + 1092*w - 2. Determine p(j).
11
Let g(p) be the third derivative of p**6/120 - 7*p**5/60 + 7*p**4/24 - 14*p**3/3 - 4081*p**2 - 2. Give g(7).
21
Let l(c) = -43*c - 558. Let b be (-10)/4*(-4)/(-2) + -24 + 16. What is l(b)?
1
Let p(a) be the second derivative of -a**5/20 - a**4/2 - 2*a**3/3 - 2*a**2 + 5467*a. Let s(n) = -n**2. Let g be s(2). Calculate p(g).
-20
Let c(p) = 4*p - 112953*p**3 + 5 + 1 - 3 + 2*p**2 + 112963*p**3. Give c(-2).
-77
Let m(i) be the third derivative of i**4/8 + 7*i**3 - 1480*i**2. Determine m(-16).
-6
Let d(p) = p**2 - 14*p - 25. Let u(j) = 3*j - 2. Let v(x) = -d(x) - 7*u(x). Determine v(-13).
-39
Let n(y) = 8*y + 24. Suppose 19*c - 83 = -29*c - 467. Give n(c).
-40
Let z(a) = 12*a**2 + 31344 - 2*a**3 + a**3 - 40*a - 15669 - 15663. Calculate z(6).
-12
Let p(s) = -s - 59. Let b(h) = -2*h - 388. Let x(d) = -b(d) + 5*p(d). Determine x(29).
6
Let h be (-2)/11 - 14453/1639. Let p(a) = -a - 5. Determine p(h).
4
Suppose -32 = -2*g + 2*z, 4*g - 8*g + z + 49 = 0. Let j be 4/16 - g/(-4). Let o(n) = 2. Let s(i) = i. Let a(d) = 2*o(d) + s(d). What is a(j)?
7
Let o(w) = -2*w + 1. Let s be (-31 + -5)/(-4) - 4. Suppose 19*c = -5*p + 14*c - 10, -s*c = 20. Determine o(p).
-3
Let i(d) = d**2 + 5*d + 4. Suppose -136*f = 48 + 360. Determine i(f).
-2
Let t(z) = -255*z**2 - 24 + 56 + 2*z + 254*z**2. Give t(-5).
-3
Let f(h) be the third derivative of h**7/2520 + h**6/240 - 7*h**5/120 + h**4 + 44*h**2. Let y(p) be the second derivative of f(p). What is y(-5)?
3
Let j(n) = 8*n**2 - n - 2. Let a(r) = r**3 + 6*r**2 - 8. Let d be a(-2). Suppose 2*y - 3*c + 10 = -3*y, -4*y + 5*c - d = 0. Give j(y).
32
Let s(j) = -j**3 - 40*j**2 - 75*j + 57. Let w be s(-38). Let m(c) = 16*c - 296. Determine m(w).
8
Let z(p) = 2*p**3 + 13*p**2 - 25*p + 119. Let v(u) = 3*u**3 + 14*u**2 - 26*u + 119. Let q(c) = 3*v(c) - 4*z(c). Determine q(9).
-2
Let l(m) = -m**3 + 4*m**2 - 57*m - 32. Let h(u) = u**3 - u**2 + 60*u + 33. Let x(b) = 6*h(b) + 7*l(b). Give x(20).
-6
Let t(i) be the second derivative of 5/12*i**4 - 16*i - 1/20*i**5 + 5/6*i**3 + 1 + i**2. Calculate t(6).
-4
Suppose i - 2 + 0 = 0. Let t(s) = -s**2 + 9*s - 6. Let g(l) = -3 + 5*l + 4*l**2 - 11*l**2 + 6*l**2. Let k(b) = 5*g(b) - 3*t(b). Determine k(i).
-9
Let i(a) = -25*a - 705. Let u be i(-28). Let t(l) = l**2 - 6*l - 62. Give t(u).
-7
Let b(j) = 167*j + 5. Let n(l) = 282*l + 9. Let k(f) = 7*b(f) - 4*n(f). Determine k(0).
-1
Let d(l) = l**2 + 10*l - l - 6*l - 16. Let j be d(3). Let c(k) = -k**2 + k + 2. What is c(j)?
0
Let q(n) be the third derivative of -n**7/1260 - n**6/90 + n**5/120 + 37*n**4/12 - 2*n**2 + 6. Let m(k) be the second derivative of q(k). Determine m(-6).
-23
Let i(t) = 3*t + 2. Let v = 200 + -187. Suppose 3*x - v*x = 20. Determine i(x).
-4
Let s(h) = 3*h**2 - 10 + 5*h**3 + 19*h - 2*h - 2*h**2 + 8*h**2. Let i(j) = -14*j**3 - 26*j**2 - 49*j + 29. Let b(u) = 6*i(u) + 17*s(u). Calculate b(3).
-11
Suppose r - 1 = -0. Let f(q) = -2*q. Let m(o) = 6*o**2 + 5*o + 1. Suppose 9 = v + 5*t + 35, -17 = -3*v + 4*t. Let h(u) = v*m(u) - 3*f(u). Determine h(r).
-6
Suppose -43*l + 10 = 2 + 94. Let s(t) = -21*t + 5. Determine s(l).
47
Let h(r) be the first derivative of r**3 - 2*r**2 - 2*r - 1425. Give h(5).
53
Let i(t) be the first derivative of -t**4/4 + 10*t**3/3 + 9*t**2/2 + 20*t + 1442. Determine i(11).
-2
Let q(g) = -g**2 + 20*g + 69. Let y be q(-3). Let k(a) = 6*a + y*a - 250*a**2 + 124*a**2 - 8 + 127*a**2 - 4*a. Give k(-6).
16
Let b(y) = -332*y + 5. Let c(s) = 706*s - 11. Let h(o) = 13*b(o) + 6*c(o). Give h(-1).
79
Let y be (30/4)/((-6)/(-8)). Let j(b) = 149*b**2 + 17*b + 4. Let s(t) = 124*t**2 + 16*t + 2. Let n(f) = 5*j(f) - 6*s(f). Calculate n(y).
-2
Let x(o) be the third derivative of -1/24*o**4 + 0*o + 1/120*o**6 + 1/2*o**3 + 33 + o**2 - 1/60*o**5. Let p be (-1 + 1)*1/2. Give x(p).
3
Let y(o) be the third derivative of o**7/2520 - o**6/60 - o**5/24 - 67*o**4/24 - 2*o**2 + 76*o. Let p(m) be the second derivative of y(m). What is p(13)?
8
Let f(y) = 19*y + 4. Let u(l) = 40*l + 26. Let t(g) = -9*f(g) + 4*u(g). Calculate t(6).
2
Let p(i) be the third derivative of -i**6/120 - i**5/30 + i**4/8 - 3*i**2. Let u(n) = n + 29. Let d be u(-14). Suppose -11*k = d + 18. Calculate p(k).
0
Let o = -76379 - -76376. Let z(f) = 4 + 0*f + 2*f**2 + f**3 + 0*f - 2*f - f. What is z(o)?
4
Let l(b) = 66*b + 3. Let y(t) = 200*t + 9. Let v(c) = -7*l(c) + 2*y(c). Calculate v(1).
-65
Let u = -72 + 94. Let w = 30 - u. Let k(l) = l**2 - 12*l + 9. Let o(m) = -2*m**2 + 25*m - 18. Let c(p) = 5*k(p) + 2*o(p). Calculate c(w).
-7
Let k be (12/(-21))/((-12)/42). Suppose 2*w = -5*l + 3, -k*w - 15 = -5*w + 3*l. Let z(h) = h**3 - 6*h**2 + 5*h + 2. Give z(w).
-10
Let u = 46 + -44. Suppose 3*s + u*t = -2*s + 367, -5*t + 205 = 3*s. Let c = s + -70. Let q(f) = f - 11. Calculate q(c).
-6
Let f(m) be the first derivative of 3*m**2 - 117*m - 4823. Calculate f(21).
9
Let o = 326 - 307. Suppose 3*y = -4*b + o, 2 = -0*y - 2*y + b. Let w(r) = -22*r**3 + r. Calculate w(y).
-21
Let v = 33 + -54. Let k be (56/v)/(4/(-6)). Let t(b) = -b**2 - 1 - b**2 - k*b - 4*b + 5*b. Give t(-3).
-10
Let x(n) = -n**3 + 9*n**2 + n - 2. Let q(u) = -4*u**3 + 68*u**2 + 48*u + 12. Let o(w) = q(w) - 5*x(w). Determine o(-21).
1
Suppose 0 = 157*m + 246*m - 83*m - 960. Let g(n) = 5 - 1 - 2*n - 3*n. Calculate g(m).
-11
Suppose 0 = 8*z - 2648 + 2608. Suppose 22 = 4*m + 2. Let p(l) = m*l + 0*l - 5 - 4*l. Give p(z).
0
Let a(s) = 3*s**2 - 17*s - 7. Let w(o) = 29*o + 6. Let v = -938 + 938. Let c be w(v). Give a(c).
-1
Let i = 0 + 4. Let c(b) = -b**3 + b**2 + 2*b + 90. Let r(t) = 14*t**3 - 10*t**2 - 32*t - 1348. Let w(m) = 15*c(m) + r(m). What is w(i)?
10
Let o(t) = -2183*t + 1097*t + 1089*t + 46. What is o(-11)?
13
Let i(f) be the third derivative of -f**6/120 - 7*f**5/30 + 19*f**3/6 - f**2 - 28*f. Let b be i(-14). Let q(n) = -n**2 + 18*n + 15. Give q(b).
-4
Suppose -18*a + 23*a = 50. Suppose -5*d - 3*s = -4*s, 0 = -2*s - a. Let x(b) = b - 4. Let c be x(d). Let m(k) = 2*k - 7. What is m(c)?
-17
Let m(v) = -v**3 - v**2 + v - 4. Suppose 12 = -21*l - 51. Determine m(l).
11
Let m(f) = 13 + 66*f**3 + 0*f - 67*f**3 - 2*f. Let x be m(0). Let w(o) = o**2 - 13*o - 7. What is w(x)?
-7
Let y = -461239 - -461242. Let d(x) = -31*x**2 + 10*x + 15. Let w(h) = -6*h**2 + 2*h + 3. Let p(b) = 2*d(b) - 11*w(b). Determine p(y).
27
Let b be 5/1 + -26 + (-774)/(-36). Let p(g) be the second derivative of -b*g**3 - 1/2*g**2 - 18*g + 0. Calculate p(-5).
14
Let o(z) be the third derivative of 0 - 7/60*z**5 + 1/120*z**6 + 0*z - z**3 - 89*z**2 + 1/4*z**4. What is o(6)?
-6
Let y(i) be the third derivative of -i**4/6 - 19*i**3/3 + 12*i**2 + i. Let m be y(-10). Let w(u) = -3*u**2 + 2*u + 1. Determine w(m).
-7
Suppose -2*t = 29 - 33. Let n be 5 - t - (7 + -1). Let b(k) = -k - k**2 - 3*k - 1 - k**3 - 1. Give b(n).
28
Let f = 16212 - 16203. Let y(r) = r**3 - 11*r**2 + 22*r - 15. Calculate y(f).
21
Let c(r) be the second derivative of 5/3*r**3 + 1/20*r**5 + 1 - 1/2*r**2 - 2/3*r**4 - 4*r. Determine c(7).
20
Let s(v) = -8*v - 32. Let k be s(-4). Let u(c) be the third derivative of 0*c + 1/60*c**5 + k*c**3 + 0 + 11*c**2 - 5/24*c**4. Calculate u(6).
6
Let c be (-5)/(-2)*(-4)/(-2). Let u(r) be the second derivative of r**6/720 + 41*r**4/4 + 87*r. Let p(m) be the third derivative of u(m). Calculate p(c).
5
Let r(o) = 2*o**3 + 30*o**2 - 3*o - 41. Let b be r(-15). Suppose -2*f - 2*f + 52 = -b*z, z = 5*f - 49. Let a(t) = 2*t - 9. What is a(f)?
9
Let l = -204 - -205. Let c(p) = 5*p**3 + 4*p - 4. Let j be c(l). Let u(k) = 0 + k**2 + 1 + 5*k - 2*k**2. What is u(j)?
1
Let p(i) = 24*i + 207. Let s(d) = 16*d + 143. Let f(a) = 9*p(a) - 13*s(a). Give f(6).
52
Let t(u) = u - 164. Let w(o) = -2*o + 132. Let h(j) = 4*t(j) + 5*w(j). Calculate h(-2).
16
Let v = -2716 + 2717. Let l(r) = 20*r**2 - 4. Let z(u) = 21*u**2 - 5. Let h(d) = 4*l(d) - 3*z(d). Calculate h(v).
16
Let v(p) = -124*p**2 + 1 - 2 + 116*p**2 + 2*p + p. Let u(m) = -7*m**2 + 2*m - 1. Let b(y) = 3*u(y) - 2*v(y). Calculate b(-1).
-6
Let l(z) = 11*z**2 + z. Let k be (38/4 - 1)*(22 - 24). Let d be 6/1*k/(-102). Determine l(d).
12
Let h(j) = j**2 + 12*j + 12. Let w be h(-11). Let t be (0 - w)/((-11)/(-44)). Let p(y) = 1759*y - 1 + 8*y**2 - 4 - 12*y**2 - y**3 - 1758*y. Calculate p